179
List the prime factors of 257766.
2, 3, 42961
What are the prime factors of 839986?
2, 7, 59999
What are the prime factors of 297943?
401, 743
List the prime factors of 3578739.
3, 821, 1453
List the prime factors of 18477627.
3, 7, 47, 97, 193
List the prime factors of 9083177.
29, 97, 3229
What are the prime factors of 446255?
5, 149, 599
List the prime factors of 786896.
2, 11, 17, 263
List the prime factors of 199795.
5, 31, 1289
List the prime factors of 2171475.
3, 5, 3217
List the prime factors of 5686945.
5, 11, 103399
List the prime factors of 1328219.
1328219
List the prime factors of 162128.
2, 10133
What are the prime factors of 9483435?
3, 5, 13, 29, 43
List the prime factors of 3306948.
2, 3, 275579
What are the prime factors of 649029?
3, 67, 3229
What are the prime factors of 550175?
5, 59, 373
What are the prime factors of 3726353?
3726353
What are the prime factors of 291520?
2, 5, 911
List the prime factors of 11470010.
2, 5, 79, 14519
What are the prime factors of 27869634?
2, 3, 13, 119101
List the prime factors of 6858031.
19, 360949
List the prime factors of 192466.
2, 96233
What are the prime factors of 280122?
2, 3, 46687
List the prime factors of 556367.
7, 79481
List the prime factors of 835899.
3, 79, 3527
List the prime factors of 6842326.
2, 41, 83443
What are the prime factors of 808661?
7, 115523
What are the prime factors of 7723855?
5, 823, 1877
What are the prime factors of 29655?
3, 5, 659
List the prime factors of 4062339.
3, 43, 3499
What are the prime factors of 198694?
2, 99347
List the prime factors of 21750204.
2, 3, 7, 73, 3547
List the prime factors of 1659607.
193, 8599
What are the prime factors of 251510?
2, 5, 7, 3593
What are the prime factors of 30209698?
2, 15104849
List the prime factors of 691455.
3, 5, 31, 1487
What are the prime factors of 28678?
2, 13, 1103
List the prime factors of 180436.
2, 79, 571
List the prime factors of 5415378.
2, 3, 902563
What are the prime factors of 1921118?
2, 71, 83, 163
What are the prime factors of 352833?
3, 13, 83, 109
List the prime factors of 24181490.
2, 5, 19, 127271
What are the prime factors of 453419?
41, 11059
List the prime factors of 2555915.
5, 29, 17627
List the prime factors of 294818.
2, 147409
What are the prime factors of 8202467?
7, 13, 23, 3919
What are the prime factors of 4508537?
11, 409867
What are the prime factors of 402229?
241, 1669
List the prime factors of 1822087.
31, 53, 1109
List the prime factors of 12561395.
5, 7, 11, 59, 79
List the prime factors of 85123.
23, 3701
What are the prime factors of 153128?
2, 19141
What are the prime factors of 167851?
53, 3167
What are the prime factors of 3680718?
2, 3, 19, 83, 389
What are the prime factors of 413966?
2, 7, 29569
What are the prime factors of 759430?
2, 5, 7, 19, 571
List the prime factors of 1673270.
2, 5, 149, 1123
List the prime factors of 529337.
29, 18253
List the prime factors of 1246999.
13, 95923
List the prime factors of 4168160.
2, 5, 109, 239
List the prime factors of 21718448.
2, 29, 46807
List the prime factors of 6571128.
2, 3, 273797
List the prime factors of 2643819.
3, 881273
What are the prime factors of 871359?
3, 19, 15287
List the prime factors of 507993.
3, 29, 5839
List the prime factors of 7393405.
5, 29, 50989
List the prime factors of 9608.
2, 1201
List the prime factors of 18306604.
2, 4576651
List the prime factors of 319315.
5, 63863
What are the prime factors of 837679?
837679
List the prime factors of 904555.
5, 131, 1381
What are the prime factors of 4912149?
3, 11, 148853
What are the prime factors of 1510750?
2, 5, 6043
What are the prime factors of 25548127?
11, 17, 136621
What are the prime factors of 25396579?
13, 199, 9817
What are the prime factors of 22925?
5, 7, 131
List the prime factors of 30803612.
2, 7, 47, 89, 263
What are the prime factors of 219539?
59, 61
What are the prime factors of 1394905?
5, 278981
What are the prime factors of 940185?
3, 5, 17, 1229
List the prime factors of 5762610.
2, 3, 5, 7, 3049
List the prime factors of 1456786.
2, 29, 25117
List the prime factors of 110661.
3, 36887
List the prime factors of 126239.
41, 3079
What are the prime factors of 6281068?
2, 1570267
List the prime factors of 355666.
2, 163, 1091
List the prime factors of 192909.
3, 64303
What are the prime factors of 566190?
2, 3, 5, 233
What are the prime factors of 200334?
2, 3, 173, 193
What are the prime factors of 206279?
206279
What are the prime factors of 1454563?
11, 132233
What are the prime factors of 5448588?
2, 3, 349, 1301
What are the prime factors of 3711494?
2, 1855747
What are the prime factors of 10935405?
3, 5, 13, 31, 67
What are the prime factors of 260913?
3, 29, 2999
What are the prime factors of 4646069?
23, 79, 2557
List the prime factors of 3510904.
2, 23, 19081
What are the prime factors of 255304?
2, 7, 47, 97
List the prime factors of 8216183.
37, 222059
List the prime factors of 722424.
2, 3, 31, 971
What are the prime factors of 1057838?
2, 401, 1319
List the prime factors of 1343008.
2, 41969
List the prime factors of 273061.
273061
What are the prime factors of 17261131?
109, 158359
What are the prime factors of 3545982?
2, 3, 11, 17909
What are the prime factors of 4488045?
3, 5, 433, 691
List the prime factors of 677698.
2, 7, 48407
List the prime factors of 17848141.
431, 41411
List the prime factors of 9412340.
2, 5, 7, 67231
What are the prime factors of 878233?
593, 1481
What are the prime factors of 16511015?
5, 3302203
List the prime factors of 94461.
3, 23, 37
What are the prime factors of 14096320?
2, 5, 7, 29, 31
What are the prime factors of 2993747?
863, 3469
List the prime factors of 2664501.
3, 7, 181, 701
What are the prime factors of 531945?
3, 5, 11821
List the prime factors of 4796417.
19, 252443
List the prime factors of 3329570.
2, 5, 233, 1429
What are the prime factors of 2531360?
2, 5, 13, 1217
What are the prime factors of 19659?
3, 6553
List the prime factors of 9618821.
17, 565813
What are the prime factors of 890934?
2, 3, 11, 13499
What are the prime factors of 26573677?
13, 2044129
What are the prime factors of 11325409?
11325409
What are the prime factors of 181779?
3, 13, 59, 79
List the prime factors of 200561.
131, 1531
What are the prime factors of 200723?
200723
List the prime factors of 1339407.
3, 43, 3461
List the prime factors of 242558.
2, 23, 5273
List the prime factors of 489523.
59, 8297
What are the prime factors of 6511956?
2, 3, 11, 49333
List the prime factors of 5123957.
139, 191, 193
What are the prime factors of 284540?
2, 5, 41, 347
What are the prime factors of 944901?
3, 67, 1567
What are the prime factors of 372914?
2, 137, 1361
What are the prime factors of 267115?
5, 41, 1303
What are the prime factors of 1024505?
5, 17, 709
What are the prime factors of 1774252?
2, 443563
List the prime factors of 1796960.
2, 5, 11, 1021
List the prime factors of 512902.
2, 13, 19727
List the prime factors of 2097125.
5, 19, 883
What are the prime factors of 407077?
11, 23, 1609
List the prime factors of 31940034.
2, 3, 7, 760477
List the prime factors of 396935.
5, 7, 11, 1031
List the prime factors of 742870.
2, 5, 74287
What are the prime factors of 1285119?
3, 11, 4327
What are the prime factors of 272762?
2, 7, 19483
What are the prime factors of 3131604?
2, 3, 7, 17, 43
List the prime factors of 10408964.
2, 17, 153073
List the prime factors of 6534185.
5, 7, 23, 8117
What are the prime factors of 591495?
3, 5, 47, 839
What are the prime factors of 1467354?
2, 3, 7, 23, 31
What are the prime factors of 110579?
7, 15797
List the prime factors of 54117.
3, 7, 859
List the prime factors of 2914388.
2, 389, 1873
What are the prime factors of 738538?
2, 369269
What are the prime factors of 300043?
300043
List the prime factors of 465132.
2, 3, 83, 467
List the prime factors of 4416.
2, 3, 23
List the prime factors of 134555.
5, 17, 1583
What are the prime factors of 7230582?
2, 3, 349, 1151
What are the prime factors of 10320701?
383, 26947
List the prime factors of 730966.
2, 17, 21499
List the prime factors of 87991.
87991
List the prime factors of 346309.
346309
What are the prime factors of 7476453?
3, 43, 19319
List the prime factors of 8593517.
17